igit of 462762?
7
What is the ten thousands digit of 15918?
1
What is the tens digit of 1679379?
7
What is the hundreds digit of 156042?
0
What is the units digit of 127056?
6
What is the thousands digit of 1357622?
7
What is the thousands digit of 1451018?
1
What is the units digit of 1154474?
4
What is the tens digit of 736635?
3
What is the units digit of 525277?
7
What is the thousands digit of 1499465?
9
What is the units digit of 131325?
5
What is the thousands digit of 506254?
6
What is the tens digit of 6834308?
0
What is the units digit of 1449493?
3
What is the thousands digit of 7758827?
8
What is the ten thousands digit of 10535488?
3
What is the hundreds digit of 24224089?
0
What is the units digit of 641482?
2
What is the thousands digit of 6339404?
9
What is the ten thousands digit of 1518340?
1
What is the units digit of 565226?
6
What is the hundreds digit of 310389?
3
What is the ten thousands digit of 776872?
7
What is the tens digit of 344682?
8
What is the thousands digit of 193841?
3
What is the thousands digit of 3049756?
9
What is the tens digit of 7478575?
7
What is the ten thousands digit of 7689139?
8
What is the millions digit of 14624265?
4
What is the hundreds digit of 129459?
4
What is the thousands digit of 1904659?
4
What is the hundreds digit of 788181?
1
What is the hundreds digit of 6859238?
2
What is the thousands digit of 124385?
4
What is the units digit of 12300383?
3
What is the thousands digit of 30664385?
4
What is the units digit of 195016?
6
What is the hundreds digit of 396497?
4
What is the units digit of 25578677?
7
What is the hundreds digit of 1263223?
2
What is the tens digit of 2047704?
0
What is the hundred thousands digit of 162615?
1
What is the thousands digit of 3687954?
7
What is the units digit of 2387789?
9
What is the ten millions digit of 16517463?
1
What is the tens digit of 709427?
2
What is the tens digit of 170354?
5
What is the units digit of 316458?
8
What is the hundred thousands digit of 562512?
5
What is the units digit of 223645?
5
What is the thousands digit of 310153?
0
What is the tens digit of 38941748?
4
What is the hundreds digit of 939881?
8
What is the thousands digit of 143591?
3
What is the hundreds digit of 130853?
8
What is the thousands digit of 528711?
8
What is the hundreds digit of 490821?
8
What is the tens digit of 54451?
5
What is the thousands digit of 4396371?
6
What is the units digit of 4349276?
6
What is the ten thousands digit of 3535188?
3
What is the units digit of 102363?
3
What is the ten thousands digit of 270930?
7
What is the thousands digit of 806902?
6
What is the tens digit of 1046039?
3
What is the millions digit of 8950533?
8
What is the thousands digit of 1740157?
0
What is the hundred thousands digit of 3521647?
5
What is the units digit of 10319201?
1
What is the ten thousands digit of 8462439?
6
What is the units digit of 175352?
2
What is the units digit of 192763?
3
What is the ten millions digit of 14146828?
1
What is the hundreds digit of 8035394?
3
What is the hundreds digit of 1069017?
0
What is the tens digit of 125979?
7
What is the units digit of 297395?
5
What is the millions digit of 6210035?
6
What is the thousands digit of 2094184?
4
What is the thousands digit of 7941594?
1
What is the units digit of 59109?
9
What is the hundreds digit of 1545442?
4
What is the units digit of 2189190?
0
What is the tens digit of 4810340?
4
What is the millions digit of 4568290?
4
What is the units digit of 8453?
3
What is the millions digit of 7868572?
7
What is the tens digit of 434119?
1
What is the hundred thousands digit of 117110?
1
What is the hundred thousands digit of 438112?
4
What is the tens digit of 240138?
3
What is the ten millions digit of 10588902?
1
What is the tens digit of 377813?
1
What is the hundred thousands digit of 2521609?
5
What is the hundred thousands digit of 1024422?
0
What is the millions digit of 16813278?
6
What is the hundred thousands digit of 2735686?
7
What is the thousands digit of 566448?
6
What is the tens digit of 2350695?
9
What is the units digit of 15353?
3
What is the ten thousands digit of 970923?
7
What is the tens digit of 952140?
4
What is the ten thousands digit of 3727667?
2
What is the units digit of 22077?
7
What is the hundreds digit of 17815572?
5
What is the tens digit of 1588695?
9
What is the thousands digit of 25450?
5
What is the thousands digit of 2275867?
5
What is the millions digit of 4811174?
4
What is the hundreds digit of 442671?
6
What is the ten thousands digit of 980720?
8
What is the units digit of 1585793?
3
What is the thousands digit of 9662895?
2
What is the millions digit of 8545324?
8
What is the millions digit of 5809326?
5
What is the ten thousands digit of 4528248?
2
What is the thousands digit of 156167?
6
What is the thousands digit of 2233083?
3
What is the units digit of 189738?
8
What is the thousands digit of 134495?
4
What is the hundreds digit of 46257?
2
What is the hundreds digit of 1430897?
8
What is the hundreds digit of 891126?
1
What is the hundreds digit of 211335?
3
What is the thousands digit of 568367?
8
What is the thousands digit of 385203?
5
What is the units digit of 21312101?
1
What is the hundreds digit of 693632?
6
What is the hundred thousands digit of 1576293?
5
What is the hundreds digit of 3539804?
8
What is the tens digit of 18244822?
2
What is the hundreds digit of 7822265?
2
What is the millions digit of 1501637?
1
What is the hundreds digit of 2397530?
5
What is the tens digit of 3304348?
4
What is the millions digit of 5127868?
5
What is the thousands digit of 1155411?
5
What is the ten thousands digit of 365066?
6
What is the hundreds digit of 5847711?
7
What is the hundred thousands digit of 9099609?
0
What is the tens digit of 202879?
7
What is the ten thousands digit of 20272806?
7
What is the tens digit of 11611516?
1
What is the thousands digit of 9782562?
2
What is the units digit of 1768917?
7
What is the millions digit of 1377786?
1
What is the hundred thousands digit of 1536277?
5
What is the ten thousands digit of 741598?
4
What is the millions digit of 11574996?
1
What is the hundred thousands digit of 241338?
2
What is the units digit of 98873?
3
What is the hundred thousands digit of 1846152?
8
What is the units digit of 1915250?
0
What is the millions digit of 5601401?
5
What is the ten thousands digit of 29855976?
5
What is the units digit of 168545?
5
What is the hundred thousands digit of 1723820?
7
What is the thousands digit of 1333227?
3
What is the thousands digit of 751591?
1
What is the hundred thousands digit of 2314829?
3
What is the hundreds digit of 341783?
7
What is the millions digit of 21848017?
1
What is the hundreds digit of 2041281?
2
What is the units digit of 8707673?
3
What is the hundreds digit of 891461?
4
What is the thousands digit of 1007748?
7
What is the units digit of 1042067?
7
What is the tens digit of 4420242?
4
What is the hundred thousands digit of 260238?
2
What is the tens digit of 439999?
9
What is the hundred thousands digit of 19244167?
2
What is the thousands digit of 3676636?
6
What is the ten thousands digit of 450227?
5
What is the units digit of 586722?
2
What is the ten thousands digit of 1812241?
1
What is the tens digit of 10368743?
4
What is the thousands digit of 21620?
1
What is the hundreds digit of 2489572?
5
What is the tens digit of 22053443?
4
What is the tens digit of 3091214?
1
What is the tens digit of 97161?
6
What is the thousands digit of 11301092?
1
What is the units digit of 2397650?
0
What is the hundreds digit of 451479?
4
What is the ten thousands digit of 593117?
9
What is the units digit of 1115402?
2
What is the thousands digit of 1767609?
7
What is the ten thousands digit of 283819?
8
What is the millions digit of 7641557?
7
What is the tens digit of 5379794?
9
What is the hundreds digit of 210237?
2
What is the thousands digit of 5040669?
0
What is the hundreds digit of 1457987?
9
What is the tens digit of 10231642?
4
What is the tens digit of 1323590?
9
What is the units digit of 25244483?
3
What is the hundred thousands digit of 663828?
6
What is the tens digit of 39765142?
4
What is the units digit of 2414168?
8
What is the units